
False
Let q be 2*(-4)/(-16)*20. Suppose 0 = 2*t + 3*t - q. Is (-107)/(-3)*12/t prime?
False
Let f = -3369 - -7660. Is f a composite number?
True
Let a = -12732 + 24463. Is a a prime number?
True
Let c(g) be the third derivative of -g**5/60 + 7*g**4/24 - 3*g**3/2 - 8*g**2. Let h be c(4). Suppose 1732 = h*l - 1619. Is l a composite number?
False
Let p(g) = g + 18. Suppose 4*n - 3*f + 37 = 0, -5*n - 4*f - f - 55 = 0. Let o be p(n). Let t(c) = 3*c**2 - 8*c - 1. Is t(o) a prime number?
True
Let u be (-6)/4 - 130/(-20). Suppose 3*q = u*q + 4. Is q/8*(-3 - 121) composite?
False
Is (-93)/(-31)*(-9029)/(-3) prime?
True
Suppose -3*i = 4*i - 21. Suppose -i*h + s = -1239, -5*h - s + 2065 = -6*s. Is h composite?
True
Let u(b) = 16673*b**2 + b - 3. Is u(1) composite?
True
Let j(b) = 17*b**2 - b + 63. Is j(-14) a composite number?
True
Let j = -114 - -106. Let q(a) = -4*a + 6. Let l(s) = -4*s + 5. Let r(y) = 3*l(y) - 2*q(y). Is r(j) a composite number?
True
Let q(k) = -26*k**3 + k**2 - 8*k + 4. Let p be q(2). Let d = p - -1909. Is d a prime number?
True
Let h(k) = 170*k + 11. Let t(c) = -85*c - 6. Let j(z) = -3*h(z) - 5*t(z). Is j(-8) composite?
False
Suppose -r - 4*n = -34607, 2*r + 2*n - 42268 = 26940. Is r composite?
False
Let x = 10 + -4. Suppose -x*c + 3*c + 2*f + 21 = 0, 0 = 4*f + 12. Suppose -2*t - 3 = -3*t, -c*t = -y + 278. Is y composite?
False
Suppose 11*a + 3 = 12*a. Suppose 0*v + 3*v + 448 = 5*z, -3*z + a*v + 270 = 0. Suppose 3*h - 124 = z. Is h prime?
True
Let v be (-21)/12 + (-3)/12. Suppose 3*f = 3*y - 1674, -2*y + 1485 = 5*f + 376. Is y/v*(13 + -15) composite?
False
Let b(w) = -w**3 + 6*w**2 - 5*w + 5. Let c be b(5). Suppose -5*z + 5*f + 17070 = 0, -3*f - 17110 = -c*z - 8*f. Is z a prime number?
False
Let r = 90 + -221. Let n = 49 - 65. Let a = n - r. Is a prime?
False
Let r = 2474 + 2013. Is r composite?
True
Suppose -3*q = 3, -q - 4*q = -4*w - 1127. Let f(g) = -g**2 + 4*g + 13. Let x be f(-11). Let l = x - w. Is l prime?
True
Suppose -2*y + 3 + 7 = 0, -3*g + 3*y = 33. Is (1 - 4466/(-9)) + g/27 a composite number?
True
Suppose 5*a - 3 = 2. Let h(z) = 7*z. Let n be h(a). Suppose -n*c = -9*c + 70. Is c a prime number?
False
Suppose 54*c - 89*c = -866705. Is c composite?
False
Let o = -28 - -33. Let b(t) = 272*t - 7. Let k be b(o). Let d = k + -854. Is d a prime number?
True
Let r be (-16)/(-12) - (-2)/3. Suppose -7*u = -r*u. Suppose u*y + 2*y - 66 = 0. Is y a prime number?
False
Suppose -4*k = -0*k + 256. Let r be (k/5)/((-12)/1230). Suppose -r = 6*q - 3730. Is q composite?
True
Let v = -118 - -134. Let k = 2251 + v. Is k a prime number?
True
Suppose -2*g - 5*k - 202 = -5*g, -184 = -3*g - 4*k. Suppose 4*w - g = -0*w. Suppose h = -m + 99, h - m = 75 + w. Is h a prime number?
False
Let q be (-28080)/(-70) + 2/(-14). Suppose -q = 2*o - 997. Is o a composite number?
True
Suppose -4*h = -2*h + 42. Let q be (-2)/3 + 0 + (-28)/(-6). Is q/6 - 112/h a prime number?
False
Let y be 0/(-17) + -3 + -1. Let k be y/6 + 8/12. Suppose 4*d = -5*z + 921, 4*z + 5*d - 744 = -k*d. Is z prime?
True
Let i = -23 + 17. Is (376 - -1)*i/(-6) composite?
True
Let v be 2/(-35)*-5*7. Suppose -b - 679 = -p + 2*b, v*p + 5*b - 1402 = 0. Is p prime?
True
Suppose -524 = -2*t - 5*m, -5*m + 754 = 3*t - 37. Suppose i + 18 - t = d, 4*i = d + 1002. Is i a prime number?
True
Is (0 + -2245)*(-8 - -7) composite?
True
Suppose -4*j + 36837 + 177151 = 0. Is j composite?
True
Suppose 7 - 9 = -n. Is (92021/34)/(1/n) a composite number?
False
Let z(g) = 96*g**3 - 6*g**2 - 6*g + 1. Let s be z(-4). Let b = s + 8824. Is b a composite number?
False
Let j = 20 - -11. Is j a prime number?
True
Suppose -2*h + 2 + 30 = 0. Suppose -5*o + 25 = 0, -5*o = 4*w - 7*w - h. Suppose -3*z + 59 = -4*y - 200, -5*z - w*y = -451. Is z a composite number?
False
Let g = 32943 - 11308. Is g composite?
True
Suppose -2*g - 2226 = -5*o - 6*g, -5*g + 1333 = 3*o. Let t = o - 237. Is t prime?
False
Let j = -3072 + 5531. Is j prime?
True
Suppose 6*k - 16 = -4*g + 4*k, 5*k = -4*g + 16. Suppose -g*r + 7*r = 2559. Is r composite?
False
Is 4*((-5 - -1) + 1626/8) prime?
True
Let a(f) be the second derivative of -f**4/12 - 10*f**3/3 - 5*f**2 + 38*f. Let i = -23 - -12. Is a(i) composite?
False
Suppose -40 = -4*o + 4*y, 3*o - 5*y - 1 = 39. Suppose -10*h + 1255 = -o*h. Is h a prime number?
True
Let b(i) = 3*i - 12. Let q be b(3). Is 161 + q/(6/8) a composite number?
False
Suppose 6 = 4*c - 6. Suppose 1247 = c*f - 5*g, -5*g - 1 - 4 = 0. Suppose -5*t = -f - 1241. Is t composite?
False
Let n be 5972/52*1 + 2/13. Let f = 184 - n. Is f a prime number?
False
Let s = 24549 - 11314. Is s composite?
True
Let i be 498/(-10)*(2 - 7). Suppose -m + 5*p + 33 = 0, 2*m + 3*m = 4*p + i. Is m a prime number?
True
Let v be (-33)/(-9) - 4/6. Suppose 5*f = 4*w + 2, f - v = -4*w + 7. Suppose 3*u - f*q = 407, 5*u + q = 597 + 64. Is u prime?
False
Let f(m) be the third derivative of -m**6/40 + m**5/60 - m**4/2 - 11*m**3/6 + 4*m**2. Is f(-7) a composite number?
False
Let b(x) = x**3 - 2*x**2 + 3*x - 92. Is b(29) composite?
True
Is 1/8 - (9 - 833980/32) a composite number?
False
Suppose -28746 = 19*c - 28*c. Is c a composite number?
True
Let l(w) = 2*w**2 - 12*w + 9. Let x be l(6). Let j be (-6)/9*-1*x. Is (-573)/j*(0 + -2) prime?
True
Let q(w) = -w**2 - 9*w - 2. Let f be q(-4). Is (0 + -34)*(-171)/f prime?
False
Suppose 6 = -2*z + 10. Suppose 0 = -0*w - 3*w + z*r - 59, -3*w + r - 64 = 0. Let n = 58 + w. Is n a composite number?
True
Let u(o) = 4*o**3 + 15*o**2 - 53. Is u(14) composite?
True
Let r(s) = s**2 - 15*s + 14. Let c be r(14). Let i(y) = y + 326. Let u be i(c). Suppose -2*n + 0*n + 302 = 5*f, -2*n + f = -u. Is n a prime number?
False
Let c be (-46 + 0)*2/(-4). Suppose 396 = 7*u - 584. Let a = c + u. Is a composite?
False
Suppose 2*t = -2*c + 9674, -t + 4616 = 5*c - 205. Is t composite?
True
Let y be (3 - 2 - 2) + 12. Let l = -7 + y. Suppose v - 255 = -l*v. Is v a composite number?
True
Suppose 8*g - 27945 - 38863 = 0. Is g a prime number?
False
Let p(n) = 11*n**2 + 2*n + 1. Let y be p(-1). Let f = y + 494. Let o = -245 + f. Is o prime?
False
Let g be (-589*1)/(12 + -13). Suppose -2*t + g - 167 = 0. Is t a prime number?
True
Let a be 6/9 + (-185)/(-15). Let p(j) = 7*j**2 + 5*j - 19. Is p(a) a composite number?
False
Let d = -1830 + 3191. Is d prime?
True
Let u be (-1 - (-14)/18) + 87/27. Suppose 0*r + r - 544 = -g, -2173 = -4*g - u*r. Is g composite?
False
Let l(x) = 36*x**2 + 116*x + 11. Is l(-15) composite?
True
Let b = 432 + -194. Let m = 335 + b. Is m prime?
False
Is ((-2982)/56 + -13)/((-2)/8) a prime number?
False
Let b = 27 + -23. Let i be (-2072)/(-35) - b/(-5). Suppose -395 = -2*t - 3*k, -t + i = -4*k - 165. Is t prime?
False
Let k(w) = -23*w**2 - 9*w + 4. Let l(j) = -11*j**2 - 5*j + 1. Let r(s) = 6*k(s) - 13*l(s). Suppose -c = 2*c + 21. Is r(c) prime?
True
Is 5737*7 - (19 + (-6 - 13)) composite?
True
Let b be (14 - 6)/(1 - -1). Suppose h = -b*o + 44, -o - 4*h = -0*o + 4. Is 3/o - (-1171)/4 a composite number?
False
Is (-18113313)/(-296) + 10/(-16) a composite number?
True
Is 1*(-459085)/(-75) - 16/120 composite?
False
Suppose 3*u - 61511 = -5*z, 0 = -z + 8*u - 12*u + 12309. Is z prime?
True
Let p(f) = 2 + 3 + 4*f - f - f. Let l be p(-4). Let n(w) = -27*w - 4. Is n(l) prime?
False
Suppose -3*p = 2*n + 2 + 16, 3*p - 3 = 5*n. Is (-2)/6*n*(-6 - -2057) composite?
True
Suppose -l + 19 = 15, -d - 3*l = -30407. Is d a composite number?
True
Let u(d) = d**3 - 7*d**2 + 6*d - 29. Is u(16) a composite number?
False
Let p(r) = -r**3 + 10*r**2 - 9*r + 2. Let h be p(9). Is (0 + 1109)*h/2 prime?
True
Let v(w) = 31*w + 19 + 52*w + 53*w - 2. Is v(5) prime?
False
Let r = -18 + 22. Suppose r*h - 786 = 5*o + 390, -283 = -h + 4*o. Is h a composite number?
True
Let o = 24 + -15. Suppose -7*x - 374 = -o*x. Is x a prime number?
False
Suppose -3*s - i + 2317 = -0*i, 5*i = -s + 791. Let t = s + -352. Is t a prime number?
True
Suppose 0 = -11*k - 775 + 13128. Is k composite?
False
Suppose 0 = 2*l + 10 - 4, d + 3*l + 18 = 0. Let g = 26 - d. Is g a composite number?
True
Let j = 11 - 19. Let m = j + 26. Is (-24)/(-108) + 4874/m composite?
False
Let f(i) = -i**3 - 5*i**2 + 4. Let l be f(-5). Suppose 5 = 3*x - l. Suppose -x*u = -2*k + 571, -k - 5*u = -196 - 96. Is k 